et l be 5 + 0 - (5 - 2). Is (12/6)/(l/22) a composite number?
True
Let m be 1/((1 + 1)/8). Suppose m*z - 7*z + 102 = 0. Is z a prime number?
False
Let r be (-1 + 13)*4/12. Suppose 2*q = -r*n + 830, -5*q + 2*n + 2063 = -0*n. Is q composite?
True
Let i = -4 + 3. Let q(m) = -m**3 + m**2 - 1. Let l(b) = 15*b**3 + 5*b**2 - 4. Let z(g) = -l(g) + 5*q(g). Is z(i) composite?
False
Is (-398)/(-4)*(12 + -10) prime?
True
Suppose -21 = -3*n + 24. Is n a composite number?
True
Let v = -6 - -6. Suppose v*d + 11 = -d. Let f = 3 - d. Is f composite?
True
Let w(m) = -2*m + 4. Let f be w(5). Let z(i) = -8*i + 7. Is z(f) prime?
False
Let c(t) = -1. Let o(f) = f**3 - 14*f**2 - 4*f + 8. Let k(p) = -4*c(p) - o(p). Is k(7) composite?
False
Suppose 2*f - f = -4. Let r = f + 3. Is (-119)/(-2) - r/(-2) prime?
True
Suppose -n - 4*m = -2*n + 161, 3*n = 3*m + 438. Is n prime?
False
Suppose 4*x - 31 = -3*g, -x + 5*g - 40 = -6*x. Let l be 4/14 + 243/x. Suppose -2*z + l = -z. Is z composite?
True
Is 2054/(-65)*-5*1 prime?
False
Let c(l) = 8*l**2 + 9*l - 6. Is c(-5) prime?
True
Suppose 22 = -n - 5*t, -2*n + 3*t = n + 12. Let c = n - -38. Is c a prime number?
True
Is (-3 - 3) + 4 - -421 a prime number?
True
Let f(s) = s**2 + 11*s - 9. Is f(13) composite?
True
Let s = 14 - 6. Let n(o) = 2*o + 4. Let y be n(s). Suppose 2*b + y = 66. Is b a composite number?
False
Suppose 7541 = 3*j - 2*s, 3*s + 15 = 6*s. Is j a prime number?
False
Suppose 4*u - 162 + 434 = 0. Let b be 2/(-8) - u/16. Suppose g = b*g - 30. Is g composite?
True
Let t(u) = u**2 + 9*u + 11. Let h be t(-8). Suppose h*l = 4*z + 19, -l + 12 = -5*z - 9. Is -2 - (-57 + z/2) composite?
True
Suppose 3*a - 5*x = -55, 0*a + 109 = -5*a + 4*x. Let l = 198 - a. Is l prime?
True
Suppose 0 = 5*t - 2*t - l - 61, 0 = -3*t - 4*l + 86. Is t a prime number?
False
Suppose -262 = -q + k, -q - 3*q + 1045 = -k. Suppose 3*a + 2*a - 443 = 4*l, 4*l + q = 3*a. Is a a prime number?
False
Let b = -106 - -175. Is b prime?
False
Suppose -1030 = -5*l - 0*l. Is l a prime number?
False
Let b(s) be the first derivative of 8*s**2 + 6*s - 1. Let n be b(9). Suppose h + 3*o = -o + 53, 0 = -5*h + 3*o + n. Is h prime?
False
Let x = 17 + -15. Suppose -x*z - 481 + 2063 = 0. Is z prime?
False
Suppose 153 = 6*h - 2229. Is h composite?
False
Suppose -j + 625 = 2*j + 2*f, 0 = -3*j - f + 629. Is j a prime number?
True
Let d = -106 - -165. Is d a composite number?
False
Let z = 18 + -12. Is (-4)/6*(-1341)/z a composite number?
False
Let t(x) = 8*x**3 - 2*x**2 - 8*x - 5. Is t(4) prime?
True
Let s(q) = q - 6. Suppose -4*r + 27 = -r. Let y be s(r). Suppose -c = y*x - 110, -c + 4*x = 3*c - 456. Is c a composite number?
False
Let t(q) = 26*q**3 + 2*q**2 - 3*q + 1. Is t(2) prime?
True
Suppose 3*o - 6*o + 12 = 0. Let t = o + 0. Is 46/t + 5/(-10) prime?
True
Suppose 0 = -0*r - 3*r - 5*j + 356, 2*r - 3*j = 269. Suppose -4*y + 45 + r = 0. Is y a composite number?
False
Suppose 0 = -16*g + 15*g + 443. Is g a composite number?
False
Let s = 18 + -14. Suppose x = s*x - 105. Is x composite?
True
Suppose -9*j - 1228 = -13*j. Is j composite?
False
Let l = 179 + 302. Is l prime?
False
Let u(s) = -53*s - 9. Let o be u(-6). Let l = o + -178. Is l a prime number?
True
Let i(c) = 2*c**2 - 1 + 0*c**2 + 0*c - 2*c. Let b be i(2). Let g = 10 + b. Is g prime?
True
Let u be (1 - -9)*194/(-4). Suppose -2*w - w = o - 2062, -5*w + 2*o = -3444. Let f = u + w. Is f prime?
False
Let f be (-2)/7 + (-3902)/14. Let w = f + 420. Is w composite?
True
Let l(b) = 16*b**2 - 2*b - 1. Let t(s) = 2*s + 0*s - 1 - 17*s**2 + 2. Let k(y) = -2*l(y) - 3*t(y). Is k(-2) a composite number?
False
Suppose -4*d + 73 = -67. Is d prime?
False
Suppose -3*u = -u - 3*z - 946, 1419 = 3*u + 2*z. Is u a composite number?
True
Suppose m - 3*w - 139 + 50 = 0, 0 = 2*m - 5*w - 176. Is m prime?
True
Let l = 15 + -10. Suppose 5*x - 209 = -n, -2*x + l*x = -5*n + 1045. Is n a prime number?
False
Suppose -2*y + 2*w - 840 = -4*y, 2091 = 5*y - 4*w. Is y a prime number?
True
Let p = 96 + -63. Is p a composite number?
True
Let d(m) = 42*m - 4. Let j be d(5). Is (j/(-6))/((-2)/6) a composite number?
False
Let i = -522 + 1155. Suppose -4*a + n + i = 0, 309 = -a + 3*a + n. Is a prime?
True
Is 7620/36 - (-4)/(-6) prime?
True
Suppose -4*p = 5*y + 113, -2*y - 3*p - 53 = -4*p. Let x be 2/(-1 + y/(-23)). Suppose -4*c - 5*b + x = -3*c, -c - 13 = -4*b. Is c composite?
False
Let h = 20 + -20. Suppose 2*i - 61 = -t, -3*i - 41 = -t - h*t. Is t composite?
False
Suppose 6*m = -0*m + 978. Is m composite?
False
Suppose -362 = 3*o - 1241. Is o prime?
True
Is (-60)/(-10)*(-158)/(-4) prime?
False
Suppose 5*c = 16 - 6. Suppose -2*j + d + 641 = c*j, -492 = -3*j - 3*d. Is j prime?
False
Suppose -v + 10 = -18. Suppose 5*k = -5*w - 35, -3*k + 4*w - v = 7. Is 284/6 + 3/k a prime number?
True
Let n(z) = 148*z - 7. Is n(3) prime?
False
Let m(n) = n. Let d(v) = 276*v - 1. Let b(k) = d(k) - 6*m(k). Is b(1) a composite number?
False
Suppose -3*f + 5*f + 16 = 0. Let g = f + 12. Suppose 10 = 2*c, 0*a - 36 = -4*a + g*c. Is a prime?
False
Let q = -16 - -23. Let a(n) = 14*n + 15. Is a(q) prime?
True
Is -278*(2/(-1) + (-6)/(-4)) a prime number?
True
Let s be (-4)/(-3) - (-1012)/6. Let p = -64 + s. Is p a composite number?
True
Let l(i) = -10 + 0 + 2 + 31*i. Is l(6) a composite number?
True
Let m(u) = -2*u**2 + u. Let g be -1*(3/(-3) - -3). Let f be m(g). Is -1*1*(-43 + f) prime?
True
Is 1574/2 + (0 - 0) a composite number?
False
Let r be 1/2 + (-12)/(-8). Suppose r*v - 26 = 16. Is v a composite number?
True
Let n be (-4)/(-12) - 2/6. Suppose n*a - 1 = -a. Is 82 - a - 12/6 a prime number?
True
Let f(x) = -x**3 + 4*x + 4. Suppose 15 = -4*g - i, -g + 9 = -3*i + 3. Is f(g) a prime number?
True
Let g(u) = u**3 + 9*u**2 + 2*u - 7. Is g(-6) prime?
True
Let p = 11 + -6. Suppose 4*x = 2*y - 4 - 4, p*y = -5*x + 35. Let d(i) = 6*i - 5. Is d(y) a composite number?
False
Let v be 6/(3/1) - -1. Let p(r) = -r**3 - 7*r**2 - 6*r + 5. Let f be p(-6). Suppose -v*u + 152 = f*g + 22, -4*u = -g - 135. Is u composite?
True
Suppose 4*w - 384 = -28. Suppose w + 627 = 4*d. Is d a composite number?
False
Let y = 431 - 124. Is y prime?
True
Suppose 3*j - 8*j - 35 = -3*r, 5*r + 2*j - 17 = 0. Suppose r*b = -30 + 275. Is b a composite number?
True
Let k be (1 - -2) + (-8)/4. Is -1*(-1 - k - 69) prime?
True
Let q = 8 + -7. Is 401 + (-7 - q - -4) prime?
True
Let r(t) be the second derivative of 17*t**5/20 - t**4/4 + t**3/6 + t**2/2 + 7*t. Is r(2) composite?
False
Let c = 83 - -572. Suppose 0 = -2*x - 3*x + c. Is x composite?
False
Suppose -2*d + 177 = 4*m - 177, -4*m = -5*d - 361. Is m composite?
False
Suppose 0 = -2*f + 3*f - 3*p - 3267, 0 = -4*f - 5*p + 13102. Is f a prime number?
False
Suppose -2*f - 21 = 3*k, 2*k + 3 = -5*f - 22. Let j be (-1)/((f/6)/(-1)). Is 34 + (j - 3) + 2 prime?
True
Suppose -36 = -4*y + 2*y. Let j = y + -5. Is j composite?
False
Let g be 1/((15/9)/5). Suppose v - g*m - 5 = 0, 3*v + 2*m = -3*m + 43. Is v a composite number?
False
Suppose -q + 2*n + 9 = 0, 2*q = 3*q - n - 7. Suppose 2 = l + q*o - 97, -4*l + 311 = 3*o. Suppose 16 = f - 5*i, 0 = -3*f - 5*i + 14 + l. Is f composite?
True
Let n = -759 + 1090. Is n composite?
False
Let g = 5 + -2. Suppose -g*k = 2*k - 795. Suppose -3*d - 67 = -z + 87, -4*d = -z + k. Is z prime?
True
Is (17 + -16)/((-1)/(-2171)) prime?
False
Is 2/(-4)*(-4 - 774) a prime number?
True
Let q be 1 - (8 + 3 - 0). Let p be (4/(-5))/(q/75). Is 267*(-1)/p*-2 composite?
False
Let j be (-1)/5 + (-1764)/(-20). Suppose 5*n + 96 = 2*g, j = 2*g - n - 0. Is g a prime number?
True
Suppose -4*i - 30 = -2*z, 2*z - 7*z + 66 = -i. Is z a prime number?
True
Let s = 780 + -529. Is s a composite number?
False
Is -185*(2/(-3))/((-6)/(-9)) a prime number?
False
Suppose 0*q = 5*h + 3*q - 10232, 0 = -h + 4*q + 2051. Is h prime?
False
Suppose -3*r + 6*r = 0. Suppose 0 = -2*f - r*f + 14. Suppose -2*y + f = -y. Is y composite?
False
Let o = 266 - 520. Suppose 0 = -5*f + f - 12, -3*s + 2*f = 411. Let x = s - o. Is x composite?
True
Suppose 0 = 3*l + n - 5*n - 32, 5*n = l - 29. Suppose -l*x + 323 = -233. Is x prime?
True
Let f be (2510/(-8))/((-6)/24). Suppose -2*i + 7*i = f. Is i a prime number?
True
Let j(g) = g**2 + 3*g + 25. Is j(-22) prime?
True
Suppose 5*g - 495 = -0*g + 5*n, -